22*r + 7. Is n(18) a prime number?
True
Is 308/(-88)*334161/(-21) + 2/4 a composite number?
True
Let v = -66224 + 107025. Is v a composite number?
False
Let c(s) = -24*s - 95. Let k(i) = 265*i + 1045. Let n(l) = -65*c(l) - 6*k(l). Is n(-13) prime?
False
Suppose -5*n - 308 = 4742. Let h = n - -497. Let p = h + 902. Is p composite?
False
Suppose 4*y - 31 = 1. Let v = -5705 - -9278. Suppose -k + v = y*k. Is k a composite number?
False
Is ((5 + -22)/(-68))/(1/785996) prime?
True
Let x be (-3 + 0)*(21/9 + -2). Let z be (-1)/(20/(-24) - x). Let f(p) = -p**3 + 4*p**2 + 10*p + 7. Is f(z) prime?
True
Suppose 5*d - 5*t = 2923080, 0 = -30*d + 28*d + 4*t + 1169222. Is d a prime number?
True
Suppose 4*s - 18*s + 69208 = -6*s. Is s composite?
True
Let h(t) = -476*t**3 + 6*t**2 + 8*t + 11. Let g(k) = -k**2 + 34. Let c be g(-6). Is h(c) prime?
False
Suppose 0 = -4*p + 20, 5*n - 4*p = -9 - 1. Suppose -2*g + n*u = -g - 5, 5*g = 5*u + 30. Suppose g*o = 705 + 2564. Is o composite?
False
Let l(j) = 163*j**2 + 13*j + 27. Let z be l(-4). Let t = 24956 - z. Is t composite?
True
Suppose -30*b + 4*b + 494 = 0. Suppose b*y - 31331 = 2*y. Is y prime?
False
Suppose -2*q + 5*q = 6. Suppose q*j + 3*j = 20. Suppose 2*a + 1305 = 5*y + j*a, -284 = -y - 5*a. Is y prime?
False
Let w(d) = 367*d**2 + 3*d + 31. Suppose 2*v = c + 16, 5*c = 3*v - 70 + 32. Is w(v) composite?
True
Suppose -22*f - 9*f + 2189704 + 1439373 = 0. Is f composite?
True
Let s(y) = -2749*y + 3582. Is s(-23) a prime number?
True
Suppose 8*p - 50 = -2*p. Let b(h) = 20*h + 41*h**2 - p*h - 63 - 40*h**2. Is b(-26) prime?
True
Let b(j) = 17*j + 116. Let y be b(-7). Is (6 + 20/y)/(4/(-8382)) a prime number?
False
Let t(i) = -2*i**3 + 21*i**2 + 55*i - 219. Is t(-32) prime?
True
Let u(o) = -367949*o - 496. Is u(-1) prime?
True
Suppose -24987 = 6*t - 64233. Let b = t - -7390. Is b prime?
True
Let g(s) = 32493*s**2 - 12*s - 12. Is g(-1) a prime number?
False
Let h = 3347 + -4980. Let p = -894 - h. Is p a prime number?
True
Let c(t) = -2*t**3 - 84*t**2 - 86*t + 23. Is c(-53) composite?
True
Suppose 0 = -4*n - 3*z + 13513, -6764 = -2*n - 7*z + 3*z. Suppose -x + n = -795. Is x a prime number?
False
Suppose j - 2*h - 434 = 2*h, -3*h = -5*j + 2221. Suppose -j - 29108 = -14*q. Is q prime?
True
Let k(t) = -t. Let y be k(-4). Suppose 0 = 5*c - y*c - 2. Suppose -5*h + 5*m + 1275 = 0, -5*h + c*h = 4*m - 779. Is h composite?
False
Let n(t) = t**3 - 3*t + 5. Let l be n(4). Let o = l + -53. Is (-4)/(o/1733)*(-4)/4 prime?
True
Suppose 0 = -8*f + 9*f - 4. Suppose -p = -1748 + 114. Suppose 1232 = 3*g + r + 4*r, p = f*g - 2*r. Is g composite?
False
Suppose 2*i - 435406 = -3*z, -35*i - 653109 = -38*i - 4*z. Is i composite?
True
Suppose -4*a = -123*v + 119*v + 822380, -3*a = -18. Is v composite?
True
Suppose -5*y = 7*y - 7*y - 1863085. Is y a prime number?
False
Let q(d) = 4053*d**2 - 45*d + 25. Is q(16) prime?
True
Let v(q) = -400*q**3 - 4*q**2 - 3*q - 2. Let i = 280 - 283. Is v(i) composite?
False
Let b(m) = 52*m**3 + 28*m**2 - 274*m - 131. Is b(15) a composite number?
True
Suppose l = -5*d + 7906 + 12035, 0 = -3*l + 2*d + 59891. Is l a composite number?
False
Let p(r) = -17*r**2 - 27*r - 119. Let d(g) = -50*g**2 - 80*g - 358. Let t(v) = -6*d(v) + 17*p(v). Is t(-16) a prime number?
False
Let q(o) = 14 + 2*o + 15 - 46 + 12. Let y be q(5). Suppose 0 = -4*l + y*w + 9199, -3*w - w = 5*l - 11550. Is l a composite number?
True
Suppose 0 = 4*m - 3*s - 195, 4*s = -5*m + 2*m + 115. Suppose n - m = -8*n. Let r(f) = 5*f**3 - 6*f**2 + 4*f - 4. Is r(n) prime?
True
Let q be (224/(-42))/(1/3). Let f(s) = -s - 9. Let k be f(q). Let j(i) = 3*i**2 + 14*i - 22. Is j(k) composite?
False
Suppose -64*j = 214*j - 68079142. Is j composite?
False
Let n = 36 + -140. Is 39/n + (-11265)/(-24) prime?
False
Suppose 5*u - t - 30 = 4*t, u + t - 14 = 0. Suppose -u = 3*j - 1330. Let h = -237 + j. Is h composite?
True
Let g(t) = -267*t**2 + 26*t + 25. Let d(a) = 89*a**2 - 8*a - 8. Let s(q) = 21*d(q) + 6*g(q). Is s(7) prime?
False
Suppose 10*g = -0*g - 0*g. Let z(h) = 28*h + 4699. Is z(g) a composite number?
True
Let i(m) = 295*m - 59. Let r be i(-4). Let p = r + 2434. Is p prime?
False
Suppose -2261686 = -10*l - 4*m, 265702 = l - 3*m + 39564. Is l composite?
True
Suppose -317 - 29 = 5*k - 3*z, 0 = 4*k - 2*z + 278. Let s = k + 486. Is s prime?
False
Let l = 114456 + -60775. Is l a prime number?
True
Is 6/39 - (-12)/((-1716)/(-23928025)) prime?
True
Suppose 113*x - 109*x = 344. Let a = x + -109. Is (a + 25)*(-314)/(-4) composite?
False
Suppose 0 = 975*a - 922*a - 25656187. Is a prime?
True
Suppose 2*k + 958*q - 1559226 = 960*q, -2*k + 1559202 = 4*q. Is k a composite number?
False
Suppose -608897 = 128*a - 74504193. Is a a composite number?
False
Let m be 1878275/(-100) + 1/(-4). Is (5 + -6 - m)*(-3)/(-6) a composite number?
False
Let p(n) = 340*n + 23. Let j(z) = -z**3 - z**2 + 1. Let h be j(-3). Let y = h - 15. Is p(y) prime?
False
Let q(f) be the first derivative of -f**2 + 17*f + 24. Let j be q(6). Suppose j*y - 627 = -4*k, 5*y = -2*k + 3*k - 188. Is k prime?
True
Suppose 5*p = 8460 + 400. Suppose 3*f = 4*r - p - 15545, -5*r + 21644 = -3*f. Is r prime?
True
Suppose 2491 = 7*u - 834. Let t = 90 + u. Is t a prime number?
False
Let g(z) = 2*z**2 - 46*z + 5. Let k be g(23). Suppose 0 = -5*v - k*v + 5830. Is v a composite number?
True
Suppose 26 = 8*j + 5*j. Suppose 0 = j*u - 13*u + 9845. Is u a composite number?
True
Let f be (-82332)/(-8)*8/12. Let y = 9950 + f. Suppose -y = -8*x + 381. Is x composite?
True
Let s(n) = 184*n - 19. Let z(q) = -367*q + 35. Let j(l) = -5*s(l) - 2*z(l). Is j(-2) prime?
True
Suppose -5*m = 5*p + 1 + 24, 0 = 3*m + 15. Suppose 2*j + 4*u = 5*j + 1187, p = -3*j + 2*u - 1189. Let c = -176 - j. Is c a composite number?
True
Suppose 181*a = 128*a + 991471. Is a a prime number?
False
Let j(c) = -8885*c**3 - 6*c**2 - 11*c - 9. Is j(-2) prime?
True
Let h be 18/(-30) - 13/(-5). Suppose 0 = -h*s - u - 23, -3*u = -2*s - 5 - 6. Let q(b) = 37*b**2 - b - 1. Is q(s) a composite number?
False
Let z = 288 + -101. Let l be z + 4 + -5 + 0. Let g = l - 71. Is g composite?
True
Let m = 2413 + -877. Let o = 6871 + m. Is o a composite number?
True
Let f = 11551 - 4690. Let b = -4402 + f. Is b a prime number?
True
Suppose 0 = -5*r + r + 2308. Let y = r + 912. Suppose -7355 = -2*v - y. Is v a composite number?
True
Let p(n) = 103*n**2 + 3*n - 7. Let y(q) = q - 13. Let w = 9 - -1. Let b be y(w). Is p(b) a prime number?
True
Suppose 0 = -16*z - 130 + 34. Is (-4)/z + 1268/6 + -1 a prime number?
True
Suppose -y + 4*p = -0*y - 7249, -3*p = -9. Is y prime?
False
Let z be (-6)/22 + (-259852)/44. Let v = z - -14053. Is v prime?
True
Suppose -5*d - 30690 - 9334 = -2*w, 80064 = 4*w - 2*d. Is w prime?
False
Suppose -36*s + 87 = -57. Suppose 4*p + v = -0*v + 21393, 0 = -p + s*v + 5327. Is p prime?
True
Let y(z) = -z**3 + 14*z**2 - 9*z - 48. Let m be y(12). Is -3 - 3462*m/(-18) prime?
False
Let l(s) = 663*s**3 - 25*s**2 + 171*s - 20. Is l(9) a composite number?
True
Let b = -5443 - 571. Let s = -1140 - b. Is s a prime number?
False
Let y(p) = -3*p**2 - 20*p + 29. Let g(r) = 8*r**2 + 39*r - 59. Let x(k) = 3*g(k) + 7*y(k). Is x(8) a prime number?
False
Suppose 306239 = 4*x - 3*p, 3*p = 8 - 11. Is x a prime number?
False
Let h(o) = 10*o**2 - 251*o + 174. Is h(25) a prime number?
True
Let b be 1/2 + 136263/2. Suppose 18*n = 25414 + b. Is n a prime number?
True
Let q be 24 - (-4)/12*0. Suppose -9*i + q = -3*i. Suppose 0 = 3*y + 6, -i*t + 2*y + 2680 = 4*y. Is t a composite number?
True
Let l = -31206 - -52868. Is l a prime number?
False
Suppose -3*c - 18390 = -6*c. Suppose c + 3413 = 3*m. Is m prime?
True
Let p(f) = f**3 - 19*f**2 - 10*f + 13. Let m be p(22). Let i = 734 + m. Is i a prime number?
True
Let i = -99 - -99. Suppose -2*v - 10 = i, n = 3*v - 406 + 1820. Is n a composite number?
False
Let a = 415 + -413. Suppose 0 = -a*m + 3410 + 156. Is m composite?
False
Let o be (9/(-3) - (1 + 0)) + 1513. Suppose 0 = 4*u - o - 1999. Is u a composite number?
False
Suppose -4*f - 24409 = -3*w, 76 = f + 71. Is w composite?
True
Suppose 6478 = b + 2*q, -12946 = 5*b - 7*b + q. Suppose 10792 = 5*g + v, 19*g - 16*g + v = b. Is g a composite number?
True
Suppose 176*s + 256*s + 31782079 = 89648047. 